{"id":78,"date":"2021-03-02T19:13:53","date_gmt":"2021-03-02T18:13:53","guid":{"rendered":"http:\/\/closleopold.fr\/?page_id=78"},"modified":"2021-03-08T19:16:02","modified_gmt":"2021-03-08T18:16:02","slug":"ils-parlent-de-nous","status":"publish","type":"page","link":"https:\/\/closleopold.fr\/index.php\/ils-parlent-de-nous\/","title":{"rendered":"Ils parlent de nous"},"content":{"rendered":"\n<p>Vous trouverez ci dessous quelques liens de sites, blogs, passionn\u00e9s qui parlent de nous. <\/p>\n\n\n\n<p><a href=\"https:\/\/www.1jour1vin.com\/fr\/guide-achat-vin\/rhone\/vins-gigondas\/clos-leopold\/17881-vin-rouge-clos-leopold-2017\" target=\"_blank\" rel=\"noreferrer noopener\">1 jour 1 vin<\/a> &#8211; Site de ventes priv\u00e9es des&nbsp;<em>vins<\/em>&nbsp;de producteurs fran\u00e7ais et \u00e9trangers.<\/p>\n\n\n\n<p><a href=\"https:\/\/www.terredevins.com\/actualites\/gigondas-clos-leopold-un-reve-accroche-aux-dentelles\" target=\"_blank\" rel=\"noreferrer noopener\">terredevins.com<\/a> &#8211; Site du vin, de l&#8217;art de vivre et de l&#8217;\u0153notourisme.<\/p>\n\n\n\n<p><a href=\"https:\/\/www.facebook.com\/vinvisdeviens\/posts\/205458657619551\" target=\"_blank\" rel=\"noreferrer noopener\">nicolasbria.com<\/a> &#8211; Blog de Nicolas Bria, passionn\u00e9 de vins, il  part \u00e0 la rencontre des domaines, afin de faire partager leurs histoires et faire d\u00e9couvrir leurs vins.<\/p>\n\n\n\n<p><a href=\"https:\/\/www.vivino.com\/FR\/fr\/clos-leopold-gigondas-gigondas-red-wine-v-leau6\/w\/7894312\" target=\"_blank\" rel=\"noreferrer noopener\">Vivino.com<\/a> &#8211; Vivino permet aux personnes du monde entier de profiter de leurs vins pr\u00e9f\u00e9r\u00e9s et de d\u00e9couvrir de nouveaux vins.<\/p>\n\n\n\n<p><\/p>\n\n\n\n<p><\/p>\n\n\n\n<p><\/p>\n","protected":false},"excerpt":{"rendered":"<p>Vous trouverez ci dessous quelques liens de sites, blogs, passionn\u00e9s qui parlent de nous. 1 jour 1 vin &#8211; Site de ventes priv\u00e9es des&nbsp;vins&nbsp;de producteurs fran\u00e7ais et \u00e9trangers. terredevins.com &#8211; Site du vin, de l&#8217;art de vivre et de l&#8217;\u0153notourisme. nicolasbria.com &#8211; Blog de Nicolas Bria, passionn\u00e9 de vins, il part \u00e0 la rencontre des &hellip; <\/p>\n<p class=\"link-more\"><a href=\"https:\/\/closleopold.fr\/index.php\/ils-parlent-de-nous\/\" class=\"more-link\">Continue reading<span class=\"screen-reader-text\"> &#8220;Ils parlent de nous&#8221;<\/span><\/a><\/p>\n","protected":false},"author":2,"featured_media":0,"parent":0,"menu_order":0,"comment_status":"closed","ping_status":"closed","template":"","meta":[],"yoast_head":"<!-- This site is optimized with the Yoast SEO plugin v15.9 - https:\/\/yoast.com\/wordpress\/plugins\/seo\/ -->\n<title>Ils parlent de nous - Clos L\u00e9opold<\/title>\n<meta name=\"robots\" content=\"index, follow, max-snippet:-1, max-image-preview:large, max-video-preview:-1\" \/>\n<link rel=\"canonical\" href=\"https:\/\/closleopold.fr\/index.php\/ils-parlent-de-nous\/\" \/>\n<meta property=\"og:locale\" content=\"en_US\" \/>\n<meta property=\"og:type\" content=\"article\" \/>\n<meta property=\"og:title\" content=\"Ils parlent de nous - Clos L\u00e9opold\" \/>\n<meta property=\"og:description\" content=\"Vous trouverez ci dessous quelques liens de sites, blogs, passionn\u00e9s qui parlent de nous. 1 jour 1 vin &#8211; Site de ventes priv\u00e9es des&nbsp;vins&nbsp;de producteurs fran\u00e7ais et \u00e9trangers. terredevins.com &#8211; Site du vin, de l&#8217;art de vivre et de l&#8217;\u0153notourisme. nicolasbria.com &#8211; Blog de Nicolas Bria, passionn\u00e9 de vins, il part \u00e0 la rencontre des &hellip; Continue reading &quot;Ils parlent de nous&quot;\" \/>\n<meta property=\"og:url\" content=\"https:\/\/closleopold.fr\/index.php\/ils-parlent-de-nous\/\" \/>\n<meta property=\"og:site_name\" content=\"Clos L\u00e9opold\" \/>\n<meta property=\"article:modified_time\" content=\"2021-03-08T18:16:02+00:00\" \/>\n<meta name=\"twitter:card\" content=\"summary_large_image\" \/>\n<meta name=\"twitter:label1\" content=\"Est. reading time\">\n\t<meta name=\"twitter:data1\" content=\"1 minute\">\n<script type=\"application\/ld+json\" class=\"yoast-schema-graph\">{\"@context\":\"https:\/\/schema.org\",\"@graph\":[{\"@type\":\"WebSite\",\"@id\":\"https:\/\/closleopold.fr\/#website\",\"url\":\"https:\/\/closleopold.fr\/\",\"name\":\"Clos L\\u00e9opold\",\"description\":\"AOP GIGONDAS - France\",\"potentialAction\":[{\"@type\":\"SearchAction\",\"target\":\"https:\/\/closleopold.fr\/?s={search_term_string}\",\"query-input\":\"required name=search_term_string\"}],\"inLanguage\":\"en-US\"},{\"@type\":\"WebPage\",\"@id\":\"https:\/\/closleopold.fr\/index.php\/ils-parlent-de-nous\/#webpage\",\"url\":\"https:\/\/closleopold.fr\/index.php\/ils-parlent-de-nous\/\",\"name\":\"Ils parlent de nous - Clos L\\u00e9opold\",\"isPartOf\":{\"@id\":\"https:\/\/closleopold.fr\/#website\"},\"datePublished\":\"2021-03-02T18:13:53+00:00\",\"dateModified\":\"2021-03-08T18:16:02+00:00\",\"breadcrumb\":{\"@id\":\"https:\/\/closleopold.fr\/index.php\/ils-parlent-de-nous\/#breadcrumb\"},\"inLanguage\":\"en-US\",\"potentialAction\":[{\"@type\":\"ReadAction\",\"target\":[\"https:\/\/closleopold.fr\/index.php\/ils-parlent-de-nous\/\"]}]},{\"@type\":\"BreadcrumbList\",\"@id\":\"https:\/\/closleopold.fr\/index.php\/ils-parlent-de-nous\/#breadcrumb\",\"itemListElement\":[{\"@type\":\"ListItem\",\"position\":1,\"item\":{\"@type\":\"WebPage\",\"@id\":\"https:\/\/closleopold.fr\/\",\"url\":\"https:\/\/closleopold.fr\/\",\"name\":\"Accueil\"}},{\"@type\":\"ListItem\",\"position\":2,\"item\":{\"@type\":\"WebPage\",\"@id\":\"https:\/\/closleopold.fr\/index.php\/ils-parlent-de-nous\/\",\"url\":\"https:\/\/closleopold.fr\/index.php\/ils-parlent-de-nous\/\",\"name\":\"Ils parlent de nous\"}}]}]}<\/script>\n<!-- \/ Yoast SEO plugin. -->","_links":{"self":[{"href":"https:\/\/closleopold.fr\/index.php\/wp-json\/wp\/v2\/pages\/78"}],"collection":[{"href":"https:\/\/closleopold.fr\/index.php\/wp-json\/wp\/v2\/pages"}],"about":[{"href":"https:\/\/closleopold.fr\/index.php\/wp-json\/wp\/v2\/types\/page"}],"author":[{"embeddable":true,"href":"https:\/\/closleopold.fr\/index.php\/wp-json\/wp\/v2\/users\/2"}],"replies":[{"embeddable":true,"href":"https:\/\/closleopold.fr\/index.php\/wp-json\/wp\/v2\/comments?post=78"}],"version-history":[{"count":5,"href":"https:\/\/closleopold.fr\/index.php\/wp-json\/wp\/v2\/pages\/78\/revisions"}],"predecessor-version":[{"id":89,"href":"https:\/\/closleopold.fr\/index.php\/wp-json\/wp\/v2\/pages\/78\/revisions\/89"}],"wp:attachment":[{"href":"https:\/\/closleopold.fr\/index.php\/wp-json\/wp\/v2\/media?parent=78"}],"curies":[{"name":"wp","href":"https:\/\/api.w.org\/{rel}","templated":true}]}}